
{"id":5505,"date":"2019-05-29T16:46:48","date_gmt":"2019-05-29T16:46:48","guid":{"rendered":"https:\/\/www.territorioscriativos.eu\/social-up\/"},"modified":"2019-06-25T16:41:53","modified_gmt":"2019-06-25T16:41:53","slug":"social-up","status":"publish","type":"page","link":"https:\/\/territorioscriativos.pt\/en\/social-up\/","title":{"rendered":"Social UP"},"content":{"rendered":"<p>[vc_row css=&#8221;.vc_custom_1559214076898{margin-bottom: 50px !important;}&#8221;][vc_column][vc_single_image image=&#8221;5176&#8243; img_size=&#8221;full&#8221; alignment=&#8221;center&#8221;][\/vc_column][\/vc_row][vc_row css=&#8221;.vc_custom_1559148993891{margin-bottom: 70px !important;}&#8221;][vc_column width=&#8221;2\/3&#8243; css=&#8221;.vc_custom_1559242878292{padding-top: 10px !important;padding-bottom: 10px !important;}&#8221;][vc_single_image image=&#8221;4838&#8243;][vc_empty_space][vc_column_text css=&#8221;.vc_custom_1561480764466{margin-bottom: 40px !important;}&#8221;]<\/p>\n<h3 style=\"color: #646464;\"><em>Program in Progress<\/em><\/h3>\n<p>[\/vc_column_text][vc_column_text]<\/p>\n<p style=\"margin-bottom: 10px;\">Social UP is an acceleration program related with the Social and Solidarity Entrepreneurship, promoted by in.Cubo, under the Project LACES, and funded by the program Interreg V-A Espanha-Portugal 2014-2020 (POCTEP), with the support of Territ\u00f3rios Criativos.<\/p>\n<p style=\"margin-bottom: 10px;\">The program aims to stimulate the development of the social and solidarity economy of the region, promoting and leveraging entrepreneurship projects in this area.<\/p>\n<p style=\"margin-bottom: 10px;\">Participants will have a 3-day bootcamp with intensive training, several moments of networking, teamwork and training in diverse areas.<\/p>\n<p>Applications closed!<\/p>\n<h4 style=\"margin-top: 20px;\">Previous editions:<\/h4>\n<p>The previous edition of Social Up happened in October of 2018 and consisted of a 3-day bootcamp in Arcos de Valdevez. During the bootcamp, the entrepreneurs had the chance to learn and apply tools such as the Social Business Model Canvas. Entrepreneurs had the support of mentors and several moments of networking with the other participants and speakers.[\/vc_column_text][\/vc_column][vc_column width=&#8221;1\/3&#8243; css=&#8221;.vc_custom_1559242870706{padding-top: 10px !important;padding-bottom: 10px !important;}&#8221;]<div class=\"mkdf-section-title-holder\">\n\t<h2 class=\"mkdf-section-title mkdf-section-title-small\" >Candidata-te aqui<\/h2>\n<\/div>[vc_column_text]De forma a formalizares a tua candidatura ao Programa de Idea\u00e7\u00e3o Green UP, dever\u00e1s preencher todos os campos do formul\u00e1rio abaixo.[\/vc_column_text][contact-form-7 404 \"Not Found\"][\/vc_column][\/vc_row]<\/p>\n","protected":false},"excerpt":{"rendered":"<p>[vc_row css=&#8221;.vc_custom_1559214076898{margin-bottom: 50px !important;}&#8221;][vc_column][vc_single_image image=&#8221;5176&#8243; img_size=&#8221;full&#8221; alignment=&#8221;center&#8221;][\/vc_column][\/vc_row][vc_row css=&#8221;.vc_custom_1559148993891{margin-bottom: 70px !important;}&#8221;][vc_column width=&#8221;2\/3&#8243; css=&#8221;.vc_custom_1559242878292{padding-top: 10px !important;padding-bottom: 10px !important;}&#8221;][vc_single_image image=&#8221;4838&#8243;][vc_empty_space][vc_column_text css=&#8221;.vc_custom_1561480764466{margin-bottom: 40px !important;}&#8221;] Program in Progress [\/vc_column_text][vc_column_text] Social UP is an acceleration program related with the Social and Solidarity Entrepreneurship, promoted by in.Cubo, under the Project LACES, and&#8230;<\/p>\n","protected":false},"author":1,"featured_media":0,"parent":0,"menu_order":0,"comment_status":"closed","ping_status":"closed","template":"","meta":[],"yoast_head":"<!-- This site is optimized with the Yoast SEO plugin v19.4 - https:\/\/yoast.com\/wordpress\/plugins\/seo\/ -->\n<title>Social UP - Territ\u00f3rios Criativos<\/title>\n<meta name=\"robots\" content=\"index, follow, max-snippet:-1, max-image-preview:large, max-video-preview:-1\" \/>\n<link rel=\"canonical\" href=\"https:\/\/territorioscriativos.eu\/en\/social-up\/\" \/>\n<meta property=\"og:locale\" content=\"en_US\" \/>\n<meta property=\"og:type\" content=\"article\" \/>\n<meta property=\"og:title\" content=\"Social UP - Territ\u00f3rios Criativos\" \/>\n<meta property=\"og:description\" content=\"[vc_row css=&#8221;.vc_custom_1559214076898{margin-bottom: 50px !important;}&#8221;][vc_column][vc_single_image image=&#8221;5176&#8243; img_size=&#8221;full&#8221; alignment=&#8221;center&#8221;][\/vc_column][\/vc_row][vc_row css=&#8221;.vc_custom_1559148993891{margin-bottom: 70px !important;}&#8221;][vc_column width=&#8221;2\/3&#8243; css=&#8221;.vc_custom_1559242878292{padding-top: 10px !important;padding-bottom: 10px !important;}&#8221;][vc_single_image image=&#8221;4838&#8243;][vc_empty_space][vc_column_text css=&#8221;.vc_custom_1561480764466{margin-bottom: 40px !important;}&#8221;] Program in Progress [\/vc_column_text][vc_column_text] Social UP is an acceleration program related with the Social and Solidarity Entrepreneurship, promoted by in.Cubo, under the Project LACES, and...\" \/>\n<meta property=\"og:url\" content=\"https:\/\/territorioscriativos.eu\/en\/social-up\/\" \/>\n<meta property=\"og:site_name\" content=\"Territ\u00f3rios Criativos\" \/>\n<meta property=\"article:publisher\" content=\"https:\/\/www.facebook.com\/territorioscriativos.pt\" \/>\n<meta property=\"article:modified_time\" content=\"2019-06-25T16:41:53+00:00\" \/>\n<meta name=\"twitter:card\" content=\"summary_large_image\" \/>\n<meta name=\"twitter:label1\" content=\"Est. reading time\" \/>\n\t<meta name=\"twitter:data1\" content=\"1 minute\" \/>\n<script type=\"application\/ld+json\" class=\"yoast-schema-graph\">{\"@context\":\"https:\/\/schema.org\",\"@graph\":[{\"@type\":\"WebSite\",\"@id\":\"https:\/\/territorioscriativos.eu\/#website\",\"url\":\"https:\/\/territorioscriativos.eu\/\",\"name\":\"Territ\u00f3rios Criativos\",\"description\":\"\",\"potentialAction\":[{\"@type\":\"SearchAction\",\"target\":{\"@type\":\"EntryPoint\",\"urlTemplate\":\"https:\/\/territorioscriativos.eu\/?s={search_term_string}\"},\"query-input\":\"required name=search_term_string\"}],\"inLanguage\":\"en-US\"},{\"@type\":\"WebPage\",\"@id\":\"https:\/\/territorioscriativos.eu\/en\/social-up\/\",\"url\":\"https:\/\/territorioscriativos.eu\/en\/social-up\/\",\"name\":\"Social UP - Territ\u00f3rios Criativos\",\"isPartOf\":{\"@id\":\"https:\/\/territorioscriativos.eu\/#website\"},\"datePublished\":\"2019-05-29T16:46:48+00:00\",\"dateModified\":\"2019-06-25T16:41:53+00:00\",\"breadcrumb\":{\"@id\":\"https:\/\/territorioscriativos.eu\/en\/social-up\/#breadcrumb\"},\"inLanguage\":\"en-US\",\"potentialAction\":[{\"@type\":\"ReadAction\",\"target\":[\"https:\/\/territorioscriativos.eu\/en\/social-up\/\"]}]},{\"@type\":\"BreadcrumbList\",\"@id\":\"https:\/\/territorioscriativos.eu\/en\/social-up\/#breadcrumb\",\"itemListElement\":[{\"@type\":\"ListItem\",\"position\":1,\"name\":\"Home\",\"item\":\"https:\/\/territorioscriativos.pt\/en\/professional-home\/\"},{\"@type\":\"ListItem\",\"position\":2,\"name\":\"Social UP\"}]}]}<\/script>\n<!-- \/ Yoast SEO plugin. -->","yoast_head_json":{"title":"Social UP - Territ\u00f3rios Criativos","robots":{"index":"index","follow":"follow","max-snippet":"max-snippet:-1","max-image-preview":"max-image-preview:large","max-video-preview":"max-video-preview:-1"},"canonical":"https:\/\/territorioscriativos.eu\/en\/social-up\/","og_locale":"en_US","og_type":"article","og_title":"Social UP - Territ\u00f3rios Criativos","og_description":"[vc_row css=&#8221;.vc_custom_1559214076898{margin-bottom: 50px !important;}&#8221;][vc_column][vc_single_image image=&#8221;5176&#8243; img_size=&#8221;full&#8221; alignment=&#8221;center&#8221;][\/vc_column][\/vc_row][vc_row css=&#8221;.vc_custom_1559148993891{margin-bottom: 70px !important;}&#8221;][vc_column width=&#8221;2\/3&#8243; css=&#8221;.vc_custom_1559242878292{padding-top: 10px !important;padding-bottom: 10px !important;}&#8221;][vc_single_image image=&#8221;4838&#8243;][vc_empty_space][vc_column_text css=&#8221;.vc_custom_1561480764466{margin-bottom: 40px !important;}&#8221;] Program in Progress [\/vc_column_text][vc_column_text] Social UP is an acceleration program related with the Social and Solidarity Entrepreneurship, promoted by in.Cubo, under the Project LACES, and...","og_url":"https:\/\/territorioscriativos.eu\/en\/social-up\/","og_site_name":"Territ\u00f3rios Criativos","article_publisher":"https:\/\/www.facebook.com\/territorioscriativos.pt","article_modified_time":"2019-06-25T16:41:53+00:00","twitter_card":"summary_large_image","twitter_misc":{"Est. reading time":"1 minute"},"schema":{"@context":"https:\/\/schema.org","@graph":[{"@type":"WebSite","@id":"https:\/\/territorioscriativos.eu\/#website","url":"https:\/\/territorioscriativos.eu\/","name":"Territ\u00f3rios Criativos","description":"","potentialAction":[{"@type":"SearchAction","target":{"@type":"EntryPoint","urlTemplate":"https:\/\/territorioscriativos.eu\/?s={search_term_string}"},"query-input":"required name=search_term_string"}],"inLanguage":"en-US"},{"@type":"WebPage","@id":"https:\/\/territorioscriativos.eu\/en\/social-up\/","url":"https:\/\/territorioscriativos.eu\/en\/social-up\/","name":"Social UP - Territ\u00f3rios Criativos","isPartOf":{"@id":"https:\/\/territorioscriativos.eu\/#website"},"datePublished":"2019-05-29T16:46:48+00:00","dateModified":"2019-06-25T16:41:53+00:00","breadcrumb":{"@id":"https:\/\/territorioscriativos.eu\/en\/social-up\/#breadcrumb"},"inLanguage":"en-US","potentialAction":[{"@type":"ReadAction","target":["https:\/\/territorioscriativos.eu\/en\/social-up\/"]}]},{"@type":"BreadcrumbList","@id":"https:\/\/territorioscriativos.eu\/en\/social-up\/#breadcrumb","itemListElement":[{"@type":"ListItem","position":1,"name":"Home","item":"https:\/\/territorioscriativos.pt\/en\/professional-home\/"},{"@type":"ListItem","position":2,"name":"Social UP"}]}]}},"_links":{"self":[{"href":"https:\/\/territorioscriativos.pt\/en\/wp-json\/wp\/v2\/pages\/5505"}],"collection":[{"href":"https:\/\/territorioscriativos.pt\/en\/wp-json\/wp\/v2\/pages"}],"about":[{"href":"https:\/\/territorioscriativos.pt\/en\/wp-json\/wp\/v2\/types\/page"}],"author":[{"embeddable":true,"href":"https:\/\/territorioscriativos.pt\/en\/wp-json\/wp\/v2\/users\/1"}],"replies":[{"embeddable":true,"href":"https:\/\/territorioscriativos.pt\/en\/wp-json\/wp\/v2\/comments?post=5505"}],"version-history":[{"count":3,"href":"https:\/\/territorioscriativos.pt\/en\/wp-json\/wp\/v2\/pages\/5505\/revisions"}],"predecessor-version":[{"id":5604,"href":"https:\/\/territorioscriativos.pt\/en\/wp-json\/wp\/v2\/pages\/5505\/revisions\/5604"}],"wp:attachment":[{"href":"https:\/\/territorioscriativos.pt\/en\/wp-json\/wp\/v2\/media?parent=5505"}],"curies":[{"name":"wp","href":"https:\/\/api.w.org\/{rel}","templated":true}]}}

<p>[vc_row css=&#8221;.vc_custom_1559214076898{margin-bottom: 50px !important;}&#8221;][vc_column][vc_single_image image=&#8221;5176&#8243; img_size=&#8221;full&#8221; alignment=&#8221;center&#8221;][/vc_column][/vc_row][vc_row css=&#8221;.vc_custom_1559148993891{margin-bottom: 70px !important;}&#8221;][vc_column width=&#8221;2/3&#8243; css=&#8221;.vc_custom_1559242878292{padding-top: 10px !important;padding-bottom: 10px !important;}&#8221;][vc_single_image image=&#8221;4838&#8243;][vc_empty_space][vc_column_text css=&#8221;.vc_custom_1561480764466{margin-bottom: 40px !important;}&#8221;]</p>
<h3 style="color: #646464;"><em>Program in Progress</em></h3>
<p>[/vc_column_text][vc_column_text]</p>
<p style="margin-bottom: 10px;">Social UP is an acceleration program related with the Social and Solidarity Entrepreneurship, promoted by in.Cubo, under the Project LACES, and funded by the program Interreg V-A Espanha-Portugal 2014-2020 (POCTEP), with the support of Territórios Criativos.</p>
<p style="margin-bottom: 10px;">The program aims to stimulate the development of the social and solidarity economy of the region, promoting and leveraging entrepreneurship projects in this area.</p>
<p style="margin-bottom: 10px;">Participants will have a 3-day bootcamp with intensive training, several moments of networking, teamwork and training in diverse areas.</p>
<p>Applications closed!</p>
<h4 style="margin-top: 20px;">Previous editions:</h4>
<p>The previous edition of Social Up happened in October of 2018 and consisted of a 3-day bootcamp in Arcos de Valdevez. During the bootcamp, the entrepreneurs had the chance to learn and apply tools such as the Social Business Model Canvas. Entrepreneurs had the support of mentors and several moments of networking with the other participants and speakers.[/vc_column_text][/vc_column][vc_column width=&#8221;1/3&#8243; css=&#8221;.vc_custom_1559242870706{padding-top: 10px !important;padding-bottom: 10px !important;}&#8221;]<div class="mkdf-section-title-holder">
	<h2 class="mkdf-section-title mkdf-section-title-small" >Candidata-te aqui</h2>
</div>[vc_column_text]De forma a formalizares a tua candidatura ao Programa de Ideação Green UP, deverás preencher todos os campos do formulário abaixo.[/vc_column_text][contact-form-7 404 "Not Found"][/vc_column][/vc_row]</p>

<!-- This site is optimized with the Yoast SEO plugin v19.4 - https://yoast.com/wordpress/plugins/seo/ -->
<title>Social UP - Territórios Criativos</title>
<meta name="robots" content="index, follow, max-snippet:-1, max-image-preview:large, max-video-preview:-1" />
<link rel="canonical" href="https://territorioscriativos.eu/en/social-up/" />
<meta property="og:locale" content="en_US" />
<meta property="og:type" content="article" />
<meta property="og:title" content="Social UP - Territórios Criativos" />
<meta property="og:description" content="[vc_row css=&#8221;.vc_custom_1559214076898{margin-bottom: 50px !important;}&#8221;][vc_column][vc_single_image image=&#8221;5176&#8243; img_size=&#8221;full&#8221; alignment=&#8221;center&#8221;][/vc_column][/vc_row][vc_row css=&#8221;.vc_custom_1559148993891{margin-bottom: 70px !important;}&#8221;][vc_column width=&#8221;2/3&#8243; css=&#8221;.vc_custom_1559242878292{padding-top: 10px !important;padding-bottom: 10px !important;}&#8221;][vc_single_image image=&#8221;4838&#8243;][vc_empty_space][vc_column_text css=&#8221;.vc_custom_1561480764466{margin-bottom: 40px !important;}&#8221;] Program in Progress [/vc_column_text][vc_column_text] Social UP is an acceleration program related with the Social and Solidarity Entrepreneurship, promoted by in.Cubo, under the Project LACES, and..." />
<meta property="og:url" content="https://territorioscriativos.eu/en/social-up/" />
<meta property="og:site_name" content="Territórios Criativos" />
<meta property="article:publisher" content="https://www.facebook.com/territorioscriativos.pt" />
<meta property="article:modified_time" content="2019-06-25T16:41:53+00:00" />
<meta name="twitter:card" content="summary_large_image" />
<meta name="twitter:label1" content="Est. reading time" />
	<meta name="twitter:data1" content="1 minute" />
<script type="application/ld+json" class="yoast-schema-graph">{"@context":"https://schema.org","@graph":[{"@type":"WebSite","@id":"https://territorioscriativos.eu/#website","url":"https://territorioscriativos.eu/","name":"Territórios Criativos","description":"","potentialAction":[{"@type":"SearchAction","target":{"@type":"EntryPoint","urlTemplate":"https://territorioscriativos.eu/?s={search_term_string}"},"query-input":"required name=search_term_string"}],"inLanguage":"en-US"},{"@type":"WebPage","@id":"https://territorioscriativos.eu/en/social-up/","url":"https://territorioscriativos.eu/en/social-up/","name":"Social UP - Territórios Criativos","isPartOf":{"@id":"https://territorioscriativos.eu/#website"},"datePublished":"2019-05-29T16:46:48+00:00","dateModified":"2019-06-25T16:41:53+00:00","breadcrumb":{"@id":"https://territorioscriativos.eu/en/social-up/#breadcrumb"},"inLanguage":"en-US","potentialAction":[{"@type":"ReadAction","target":["https://territorioscriativos.eu/en/social-up/"]}]},{"@type":"BreadcrumbList","@id":"https://territorioscriativos.eu/en/social-up/#breadcrumb","itemListElement":[{"@type":"ListItem","position":1,"name":"Home","item":"https://territorioscriativos.pt/en/professional-home/"},{"@type":"ListItem","position":2,"name":"Social UP"}]}]}</script>
<!-- / Yoast SEO plugin. -->

Social UP - Territórios Criativos

Territórios Criativos
